6
Calculate -16 + 24 + -2 + -1.
5
What is the value of -3 + 0 + -172 + 176?
1
8 + 3 + -57 + 49
3
What is the value of -6 - 1 - 4 - -2?
-9
(-1 - (3 - -3)) + 3
-4
Evaluate 7 - ((11 - 10) + 8).
-2
What is the value of (1 - 1) + (-1 + 0 - -3)?
2
Calculate 2 + 3 - 8 - (1 + 0).
-4
What is the value of 1 + (-5 + 2 - -6) + 0?
4
Calculate (1 - 0) + -3 - 1.
-3
Calculate 12 + 14 + -18 - 3.
5
Calculate -5 + 13 + (6 - 11).
3
Evaluate (-4 - -7) + -9 + 4.
-2
What is -2 - (3 + -5 - -4 - 0)?
-4
What is 2 - (1 - (-1 + 2))?
2
What is the value of (-1 - -5) + -2 + -3 + 2?
1
Evaluate 1 + 1 + 4 + -2 - 9.
-5
What is -2 + 4 - (18 - 14)?
-2
Evaluate -1 + (4 - 2 - 1) + 0.
0
Evaluate 0 - 9 - (0 + -12 + 7).
-4
Evaluate 1 - (0 - -3 - 8 - -5).
1
-4 + -1 + 4 + 2
1
What is -2 - (7 - 7) - -6?
4
What is the value of 2 - (5 + (-1 - -3))?
-5
What is the value of -6 + 12 + -2 + (4 - 9)?
-1
Calculate -2 + (-5 - -2 - -2) + -2.
-5
Calculate 6 + (-3 - (-7 + 5)) + -4.
1
Evaluate -17 + 11 - (1 - 9).
2
Calculate 1 + -8 - -4 - (1 + 1).
-5
Calculate -3 + 7 + -13 + 6.
-3
What is the value of 2 + -2 + -3 + 2?
-1
What is 36 + -33 + -6 + 3?
0
Calculate -1 + 1 - (-6 - -5).
1
Calculate (6 + 0 - (3 + -1)) + -2.
2
What is the value of 6 + -6 + (1 - 1)?
0
Evaluate (5 - -1) + 3 + -19 + 13.
3
What is -2 - ((0 - 5) + 3 - 4)?
4
Evaluate (2 - 0) + (-11 - -7).
-2
Calculate -3 - (2 - 2 - 1).
-2
What is the value of -2 + -2 + (-4 - (6 + -14))?
0
Evaluate 11 - (-5 - (-15 + 3)) - -2.
6
What is the value of -1 + -8 + (-11 - -9 - -7)?
-4
(-4 - -8) + -10 + 14
8
What is the value of 1 - (6 + -2 + 2)?
-5
Calculate (-7 - (0 + 2)) + -1.
-10
Calculate 4 + (6 + -5 - 2).
3
-1 + -8 - -5 - -2
-2
What is the value of -6 - (-3 + 1) - (41 - 50)?
5
What is the value of -9 + (-2 - (-3 + -8 - -4))?
-4
Evaluate (3 - -2) + -4 - 3.
-2
(-1 + -2 - (0 + -4)) + 0
1
Calculate -5 + (9 - 7) + 4.
1
What is the value of (1 - 0) + 10 + 3 + -8?
6
What is the value of -1 - (-2 - 3) - 4 - 5?
-5
Evaluate -5 + (-1 - 0 - -3).
-3
What is -2 + ((4 - -3) + -1 - 3)?
1
-1 + 5 + -1 + (-1 - -3)
5
Evaluate -2 + -2 + -7 + 12.
1
Evaluate -6 + 1 + 5 - -7.
7
What is the value of 0 + 12 + -3 - 10?
-1
What is the value of 0 - (8 - 4) - 0?
-4
What is -5 + 3 - (2 - 1)?
-3
Evaluate (-16 - -9 - -2) + 8.
3
Calculate -15 - (-3 - (5 + 5 + -6)).
-8
-2 - -8 - (-2 - 5 - -6)
7
(-2 - -3 - (-1 - -4)) + 7
5
(9 - 5) + 1 + -5
0
What is -5 + (5 - 4 - (-2 - -2))?
-4
Calculate 2 + (4 - 2 - (1 - -2)).
1
(3 - (0 - 0)) + (3 - 1)
5
What is 4 - (7 - (2 - 0))?
-1
What is 6 - 8 - (-8 + 3)?
3
0 - -2 - (9 + -3 + 2)
-6
Calculate 1 + -4 - (-12 - -7).
2
What is -2 - (-8 + 2) - (-1 - 0)?
5
What is -4 - (-1 - -5) - -6?
-2
What is the value of 0 - 2 - (-4 - (-5 + 5))?
2
What is the value of -4 - 1 - -10 - 6?
-1
What is (0 - 2) + (-13 - 9) + 17?
-7
Evaluate -4 + 5 + (-3 - -1).
-1
Evaluate 4 - (9 + (-8 - -9)).
-6
Calculate (16 - (-7 + 15)) + 0 + -15.
-7
Calculate -2 - (-1 + -3 + 5).
-3
Calculate -3 + -2 + 2 - -2.
-1
2 - 4 - -6 - (-5 + 6)
3
Calculate -7 + -6 + 3 + 2 - 1.
-9
-1 - (4 + -2 - 2)
-1
What is the value of -2 + (7 + 4 - 7)?
2
(1 + 0 + 1 - 3) + 6
5
What is 7 - 4 - -2 - 0?
5
15 + (5 - 12) - 6 - -3
5
-21 + 9 + 6 + -1
-7
What is 1 - (-3 - 0 - -4)?
0
What is 6 - (-35 - -44 - (-2 + 2))?
-3
What is (0 - 5) + 3 + 13 + -11?
0
Calculate -1 + -8 + 120 + -109.
2
Evaluate -5 + 1 + 3 + 0.
-1
What is -7 + 2 + 4 + 0 + -1?
-2
What is the value of 7 + (-7 - (4 + -8)) + -1?
3
1 + -10 + 6 + 0
-3
Calculate 1 - -2 - 2 - (-2 + 2).
1
What is the value of -3 + (2 - -1) + 1 - -2?
3
What is the value of 4 + -1 + (-6 - (4 + -7))?
0
What is the value of -3 + 3 - (-11 - -9)?
2
What is -4 + 2 + -6 + 2 + 1?
-5
Calculate 1 + 3 - (-18 - -8 - -12).
2
Calculate (5 - 4) + 2 + 1.
4
What is the value of -1 + -2 + -6 + 3 + 1?
-5
Calculate 5 + -4 + 2 - 1.
2
Evaluate -7 + (4 - 2) + (2 - -7).
4
What is the value of 13 + -4 + -9 + -8?
-8
Evaluate (8 + -11 - -10) + (-4 - 1).
2
What is the value of -1 + (-14 - -6 - -5)?
-4
What is the value of -4 + (3 - -2) + 3 - 5?
-1
Evaluate 0 - -4 - (0 + 3 + 2).
-1
Evaluate 6 + -3 - (30 + -29).
2
What is the value of 1 + -1 - (4 + 1 + -7)?
2
Calculate 1 + 0 + 6 + -3.
4
(15 - 9) + -14 + 3
-5
-16 + 6 - (14 + -15)
-9
What is -78 - -69 - (2 + -7)?
-4
Calculate 3 + (-3 - (-1 - -1)).
0
What is the value of -7 + (6 - -2) + -7?
-6
What is the value of (-12 - -15 - (1 + -1)) + -5?
-2
Calculate 6 + -1 + 1 + -1 - 1.
4
What is the value of 0 + 0 - (1 - (0 - -2))?
1
What is -2 + 0 - (-32 - -35)?
-5
What is the value of -3 + 3 - (4 + -7)?
3
Evaluate 0 + 0 + -16 - (-17 + 10).
-9
Evaluate -2 - (-2 - -9 - (16 + -10)).
-3
Evaluate 8 + -9 - (1 - -3).
-5
(0 - -1) + (-4 - (-1 + -5))
3
1 + (6 - 6) - 6
-5
(-6 - -2) + 10 + 2 + -4
4
Calculate 2 - 1 - (-4 + 0).
5
Evaluate -5 + 6 + (5 - 3 - 8).
-5
What is -6 - (-5 - (7 + -11))?
-5
Calculate 0 - 0 - (-1 - (-8 + 3)).
-4
Evaluate 2 - ((1 + 1 - 1) + 4).
-3
What is the value of 4 + -2 + 4 + 1 + -4?
3
-9 + (11 - -6) + -3
5
What is the value of 3 + -2 + -5 + 5?
1
(3 - 8 - -8) + -5
-2
-2 - -2 - -3 - (69 - 68)
2
Evaluate 2 + -7 - (-2 - 4).
1
What is the value of 1 + 3 + -7 + (2 - -1)?
0
What is the value of 0 - (1 + (-1 - (0 - 3)))?
-3
Evaluate -2 + 3 + -7 + 11.
5
What is the value of (-31 - (-21 - 4)) + 2 + 1?
-3
What is the value of 6 + 0 + (-5 - (-13 - -11))?
3
What is (-3 - 2) + (-13 - -23)?
5
What is -1 + (-4 - -6 - 4)?
-3
2 + -5 + -5 + 3
-5
What is -9 + -3 + -3 + 13?
-2
Calculate 7 + 2 - 5 - 14 - -6.
-4
What is 15 + -11 + 9 + (-1 - 2)?
10
What is 4 + -1 - (13 + -7 + -2)?
-1
4 + -15 + 5 + 6
0
What is 9 + (-1 - (4 + 0))?
4
What is the value of -1 + 11 + (-15 - -9)?
4
Evaluate -2 - (-1 + 2 + 2 + -8).
3
What is the value of 0 + 0 + (-1 - 1)?
-2
Calculate 4 - 10 - (-7 + 4) - 4.
-7
What is (3 - (4 - -2)) + 7?
4
18 + -6 - 2 - -4 - 6
8
What is -1 + 3 + (3 - 3) + 2?
4
What is the value of (3 + -12 - -4) + 6?
1
What is the value of -7 - (-2 + 1 + -8)?
2
What is the value of -7 + 6 - (-3 + 1)?
1
What is 5 + (7 - 17) + 10?
5
(-5 - (5 + -8)) + -2
-4
What is the value of (8 - 3) + -6 - 3?
-4
Calculate 0 + (-3 + 6 + 1 - 0).
4
-9 + (-8 - (-1 - 7))
-9
1 + -3 - (-9 + 3 + 5)
-1
(14 + 6 - 7) + -9
4
What is (-1 - 4) + (10 - 10) + 3?
-2
Calculate -8 + (-4 - -1 - (-4 - 2)).
-5
Calculate 18 + -2 + -9 - (3 - 0).
4
Calculate 6 + -8 - (2 - -1).
-5
What is the value of 5 - (-1 - -3) - 2?
1
What is the value of 7 + -6 + (-4 - (-2 + -5))?
4
What is the value of 0 + (0 - 2) + -2 + 1?
-3
Evaluate 1 + (-10 - -4) + 6 - 3.
-2
What is 1 - -7 - (-2 - (-6 - -1))?
5
What is the value of 2 + 2 + -4 + 5 + -1?
4
Evaluate -3 - -3 - ((-6 - 0) + 12).
-6
Evaluate (-11 - -10) + 6 + -12.
-7
What is -2 - (1 + -4 + 0 + 1)?
0
What is the value of 7 + 4 + 10 + -28?
-7
Calculate 1 + -2 + 9 + (-5 - -5).
8
Evaluate -4 + (1 - 1) - 1 - 0.
-5
Calculate 4 + -5 - (-2 - (-4 - -2)).
-1
Calculate 1 + -2 + -6 + 3.
-4
Evaluate 1 - (3 + (-3 - (3 - 3))).
1
0 + (-1 - 1) + 2 - 3
-3
What is the value of 7 - (4 - 7) - 4 - 7?
-1
Evaluate -1 - (0 - (-1 - -1 - -1)).
0
What is the value of (2 + -7 - -1) + 1 + -2?
-5
Evaluate -3 - (-2 + 4 + -2).
-3
5 + (-5 - (1 + -2))
1
What is the value of -9 - (2 - (-3 - (-5 + -4)))?
-5
Calculate -1 - -1 - (-8 - -5) - 1.
2
Calculate 7 + (-11 - (6 - 13)).
3
Calculate -3 + -2 + (1 - -2).
-2
What is 1 - ((1 - 4) + 2 + 3)?
-1
Evaluate 1 - 1 - (-11 - (-9 + -5)).
-3
What is (1 - 1) + (-12 - -14)?
2
(-4 - -4) + 7 - 3
4
Calculate -1 - (3 + -5 + 4).
-3
0 + 2 + -4 + 9
7
1 + 4 - (-7 + (3 - -6))
3
Calculate 0 + 3 + -4 + -2.
-3
Evaluate -2 + (-10 - -9 - (-1 - 1)).
-1
6 - (-9 + 19 + 3 + -4)
-3
What is 28 + -22 + 1 + -2?
5
What is the value of 18 - 22 - (0 - 2)?
-2
Evaluate 8 + 1 + 12 + -28.
-7
What is the value of (0 - -7) + (-5 - 11 - -12)?
3
What is (-7 - -3) + -6 + 25 + -7?
8
What is the value of -3 - -1 - (3 + 4 + -9)?
0
6 - (-3 - (-1 - 4))
4
Evaluate 4 - -4 - (4 + -2).
6
What is the value of 0 - (-2 + 6) - (-3 - -4)?
-5
What is the value of 4 + (-12 - (-2 - (2 - 7)))?
-11
Evaluate 1 - (3 + 4 - 4).
-2
What is the value of -6 + 14 - 5 - (-2 - 0)?
5
What is the value of -5 + (5 - 0) + (15 - 20)?
-5
-1 + (-2 + 0 - (-7 - -10))
-6
What is (-6 - -8) + (0 - -1) - 3?
0
Calculate -10 - (16 + -8 - 17).
-1
Evaluate 0 - (0 + 1 + 3 + -6).
2
What is 1 - (3 + -3 + 2) - 0?
-1
-1 + -3 + -1 + 2 + -2
-5
1 - 3 - -5 - (-1 - -5)
-1
What 